base 9, what is -6084 + 13187?
6103
In base 2, what is 10010000100111100 - 1001000?
10010000011110100
In base 13, what is -4 + -450136?
-45013a
In base 4, what is -100330212 - -1110032?
-33220120
In base 10, what is 205 - -237464?
237669
In base 5, what is 1313442 - -422?
1314414
In base 8, what is -330737 + -1200?
-332137
In base 11, what is -783 - -a484?
9801
In base 10, what is 121664 + 200?
121864
In base 10, what is 5391 - -6669?
12060
In base 2, what is 10101111010 + -10010111001?
11000001
In base 10, what is 51544 - 21?
51523
In base 10, what is 23903 - 455?
23448
In base 5, what is 0 - 423204234?
-423204234
In base 3, what is 111002221100121 - -2?
111002221100200
In base 11, what is -1 + -1864601?
-1864602
In base 16, what is 4d2 - -9f3d6?
9f8a8
In base 9, what is 147 - -178803?
180051
In base 15, what is -4 - -8014882?
801487d
In base 7, what is -52462 - 4553?
-60345
In base 8, what is 3 - -10151147?
10151152
In base 4, what is 3032220030 - -11202?
3032231232
In base 13, what is -3c41a05a0 - -1?
-3c41a059c
In base 10, what is 3083 - -35967?
39050
In base 14, what is -3 - -5aa903b?
5aa9038
In base 2, what is -101000110001 + -1011010001000?
-10000010111001
In base 16, what is 53dbb6 + -6?
53dbb0
In base 8, what is -444 - -34623?
34157
In base 11, what is -23 + a36845?
a36822
In base 6, what is 14453 + 12044?
30541
In base 8, what is 3205201 + 606?
3206007
In base 8, what is -55670 + 46110?
-7560
In base 11, what is 1384962 - 21?
1384941
In base 8, what is 5700377 + 15?
5700414
In base 10, what is 14 - 3367865?
-3367851
In base 3, what is -2 + -20001011?
-20001020
In base 2, what is -10110000010101 - -10011111111?
-10011100010110
In base 6, what is -53 + 5141150?
5141053
In base 2, what is -100 - -10101101000011111001110?
10101101000011111001010
In base 14, what is 6cdc - -a6?
6da4
In base 11, what is -75373 - -26a8?
-72776
In base 16, what is -2a - -450f?
44e5
In base 5, what is -2 + 112122230014?
112122230012
In base 7, what is 314522036 + 4?
314522043
In base 15, what is 8cc + -309ba?
-300dd
In base 8, what is 5 - -27423643?
27423650
In base 15, what is -a16 - -731b0?
72699
In base 3, what is 20201111000021001 - -21?
20201111000021022
In base 16, what is -12 + -3ef1d?
-3ef2f
In base 14, what is 2a + -19db?
-19b1
In base 6, what is 10015 - -54514?
104533
In base 5, what is 12201 + 24042?
41243
In base 12, what is b - 3871a8?
-387199
In base 13, what is -52494 + -4?
-52498
In base 10, what is -19 + -868462?
-868481
In base 2, what is -10 - -1110101101111000001001110?
1110101101111000001001100
In base 14, what is 1 - -4d747?
4d748
In base 7, what is -2430351540 - 4?
-2430351544
In base 9, what is -428362 + -141?
-428513
In base 3, what is -121212 - 1112120022110?
-1112120221022
In base 12, what is -2 + -22a7b438?
-22a7b43a
In base 15, what is -312 - -1ca23?
1c711
In base 11, what is -322a952 - -4?
-322a949
In base 8, what is -20 + 2610172?
2610152
In base 16, what is -20635 - 99d?
-20fd2
In base 10, what is 7 - 499946?
-499939
In base 5, what is -1220121304 - -4?
-1220121300
In base 4, what is -212121 - 23323232?
-30202013
In base 3, what is 1012020 + -2010022010?
-2002002220
In base 13, what is 372 + -830c?
-7c6a
In base 2, what is 1011101000000111001 - -10100?
1011101000001001101
In base 15, what is -48 - -cc7487?
cc743e
In base 7, what is 46 + -3003523?
-3003444
In base 7, what is -26602454 - -1?
-26602453
In base 11, what is 25a51 - -77?
26018
In base 2, what is 1100000001100010111011 - -1?
1100000001100010111100
In base 13, what is -42 - -1187a7c?
1187a3a
In base 15, what is 2 + 631096?
631098
In base 12, what is -2b683a666 + 3?
-2b683a663
In base 15, what is 83ead + -5?
83ea8
In base 10, what is -19400724 + -5?
-19400729
In base 2, what is -111111 + 11110110000011110001011?
11110110000011101001100
In base 14, what is -148169 - 8?
-148173
In base 11, what is 26582309 + 5?
26582313
In base 10, what is -23139 + -2082?
-25221
In base 3, what is 221 + -112021022002?
-112021021011
In base 7, what is 1613 - -125314?
130230
In base 2, what is 101 - -100000011100101011100111?
100000011100101011101100
In base 15, what is 85b - -1ee7?
2853
In base 10, what is -8079 - 606?
-8685
In base 3, what is -1001211 + -11211001?
-12212212
In base 14, what is 23143d + -129?
231314
In base 10, what is -8966 + -196008?
-204974
In base 12, what is 3866384 - -4?
3866388
In base 2, what is -10000011001111110111100 - 100101?
-10000011001111111100001
In base 14, what is -119a - -8d5?
-6a5
In base 11, what is -1 - -4871601?
4871600
In base 16, what is 2 - -124b1?
124b3
In base 16, what is -b + -d7988?
-d7993
In base 13, what is 25 + -2c6171?
-2c6149
In base 16, what is -1 - 3e0237?
-3e0238
In base 6, what is 544205 + 110222?
1054431
In base 7, what is 5 - -2020351321?
2020351326
In base 3, what is 22122211122012121 + 11?
22122211122012202
In base 15, what is -30c710 + 3e?
-30c6c1
In base 12, what is 3a5b01 - 8b?
3a5a32
In base 12, what is 644 + 6a86?
750a
In base 10, what is -211939839 - 3?
-211939842
In base 4, what is 30231010 + -131?
30230213
In base 13, what is -15 + 36301?
362b9
In base 14, what is 4120b23 - 5?
4120b1c
In base 10, what is -418950 + 156?
-418794
In base 7, what is -1342300 - 221?
-1342521
In base 12, what is aa + -9633?
-9545
In base 16, what is -36978c + 12?
-36977a
In base 13, what is 7277 + -4532?
2a45
In base 10, what is 33031 - -42?
33073
In base 5, what is 14103411 - -10142?
14114103
In base 2, what is 1110101 + -110111101111010?
-110111100000101
In base 4, what is -11 + 33100230230?
33100230213
In base 8, what is 150 + 123517?
123667
In base 5, what is -1210301222 + -11?
-1210301233
In base 9, what is 0 - -3528541?
3528541
In base 15, what is -19032d9 - 4?
-19032dd
In base 7, what is 0 - 2561016?
-2561016
In base 12, what is a50 + 4817?
5667
In base 6, what is 2 - -33355434?
33355440
In base 16, what is -3b7 - 2928b?
-29642
In base 14, what is 11bd8 - -11c1?
12db9
In base 13, what is 176bab + 27c?
17715a
In base 15, what is 8d58477 - 0?
8d58477
In base 5, what is -211030441101 - 4?
-211030441110
In base 7, what is 2506 - -36641?
42450
In base 7, what is -131362461 - -25?
-131362433
In base 8, what is -40113 + 447?
-37444
In base 10, what is 799 + -409407?
-408608
In base 16, what is -a - 4d4960?
-4d496a
In base 4, what is -1 + -23323110131?
-23323110132
In base 6, what is 10 + -34041450?
-34041440
In base 2, what is -10 + -110010001011110001100?
-110010001011110001110
In base 6, what is 122 + -5323152?
-5323030
In base 13, what is -1b4 + -4691?
-4875
In base 10, what is 1254431187 - -1?
1254431188
In base 12, what is 61907 - -91?
61998
In base 16, what is -1322 - 10bf?
-23e1
In base 5, what is -1443110412344 + 0?
-1443110412344
In base 9, what is 2 + 7460205?
7460207
In base 10, what is 880348125 - -4?
880348129
In base 12, what is 1252ab0 + 9a?
1252b8a
In base 14, what is 1c7 - -cdc?
10c5
In base 9, what is 5 - 21253772?
-21253766
In base 11, what is -1 + -39540959?
-3954095a
In base 6, what is 1230201 + -21?
1230140
In base 14, what is -134d3643 - 1?
-134d3644
In base 8, what is -55 + 22302356?
22302301
In base 5, what is -120231 - -30424423?
30304142
In base 10, what is -15046962 - 2?
-15046964
In base 13, what is 583 - ac18?
-a665
In base 9, what is -2564 - -17753?
15178
In base 5, what is -1434300 + 1041?
-1433204
In base 6, what is -5 + -1023251541?
-1023251550
In base 7, what is -20546 - 15100?
-35646
In base 9, what is 15075 - 351?
14624
In base 10, what is -2937499 + -4?
-2937503
In base 4, what is -300131023320011 - 1?
-300131023320012
In base 7, what is -464 - 41321?
-42115
In base 6, what is -131 + 322140121?
322135550
In base 16, what is 0 - -3afa1c3?
3afa1c3
In base 10, what is 1158914417 + -2?
1158914415
In base 15, what is -b9 + 4d4d0?
4d416
In base 4, what is 110001113102001 - -2?
110001113102003
In base 12, what is 2b3772554 - 3?
2b3772551
In base 3, what is 11 + 12100012212012?
12100012212100
In base 13, what is 57b3981 + -c?
57b3972
In base 16, what is -321 - 7e?
-39f
In base 2, what is 1110101000 + 100001000011111?
100010111000111
In base 11, what is -866 - 7548?
-8303
In base 7, what is -54414324 + -51?
-54414405
In base 10, what is 22 - -4010707?
4010729
In base 3, what is 12220120 - -200022?
20120212
In ba